y 65?
25
Let s(x) = x**2 + 1. Let y(j) = -5*j**2 + 24*j - 14. Let m(w) = 4*s(w) + y(w). What is the remainder when m(16) is divided by 33 + (-5)/5*3?
28
Let i(f) = 7*f + 45. Let u be i(-6). Suppose -r + u*l + 129 = 3*r, -4*l = -5*r + 162. Calculate the remainder when 118 is divided by r.
28
Let s be 4/(-30) + 608/60. Suppose -3*g + 16 = s. What is the remainder when (5/(-5))/(g/(-354)) is divided by 45?
42
Let n be -4 - -3 - (-98)/7. Suppose -11*z = -68 + n. What is the remainder when 56 is divided by z?
1
Let s(f) = 5*f**3 - 4*f**2 - 2*f + 12. Let a be s(3). Suppose -a*x = -100*x - 150. What is the remainder when x is divided by 19?
11
Let j(x) = x**3 - 6*x**2 - 11*x - 11. Let p be j(8). Let a(l) = -l**2 + 28*l + 65. What is the remainder when 59 is divided by a(p)?
23
Suppose 0 = 2*g - 21 - 17. Let d(h) = -h**2 + 21*h - 22. Calculate the remainder when (-1)/1 - (-126)/2 is divided by d(g).
14
Calculate the remainder when 24 is divided by (4 + 13 - 7) + 11.
3
Let s = 3853 - 3777. What is the remainder when 1272 is divided by s?
56
Suppose 0 = -552*b - 5698 + 15634. Suppose 2*a = -5*k + 42, -a = -2*k - k + 1. Calculate the remainder when b is divided by a.
7
Suppose -2*i + 3*i - 390 = 0. Suppose -333 = -7*g - 5*k, 190 = 4*g + 1801*k - 1798*k. What is the remainder when i is divided by g?
47
Suppose -55*i + 20*i + 245 = 0. Calculate the remainder when 39 is divided by i.
4
Suppose -17*b = -284 - 1093. Let f = b - 19. Calculate the remainder when f is divided by 1/7 + 666/42.
14
Suppose 0 = -4*z + 3*j + 55, 0*j = -3*z - 3*j + 15. Suppose 4*d - 5*m - 6 = 84, z = d + 5*m. What is the remainder when d is divided by 5?
0
Let a be ((48/9)/4)/((-15)/(-450)). Suppose -a = s - 54. What is the remainder when 22 is divided by s?
8
Suppose -m - 5 + 29 = 0. Suppose -3*r + d + 136 = 0, 4*d = -4*r + 204 - 12. Calculate the remainder when r is divided by m.
22
Suppose 0 = -11*u + 6*u - 2*g + 29, 2*u = -2*g + 14. Let b(s) = 3 + 2*s - 3*s + 2*s - 5*s. Calculate the remainder when b(-4) is divided by u.
4
Let h(g) = -2 - 1 + 49*g**2 + 16*g**2 + 43*g**2 + 8*g. Calculate the remainder when h(-2) is divided by 46.
45
Let s(h) = -h**3 - 87*h**2 + 459*h - 56. Suppose -2*g + 821 = 323. Calculate the remainder when g is divided by s(-92).
33
Let t = 203 + -285. Let u = 78 + t. Let s(h) = -5*h + 10. Calculate the remainder when 59 is divided by s(u).
29
Let q(h) = -24*h - 1670. Let w be (-9)/15 + (-56)/(-10). Suppose w*f - 46 - 99 = 0. Calculate the remainder when f is divided by q(-70).
9
Let i(q) be the third derivative of 21*q**2 + 0 + 1/120*q**6 + 23/24*q**4 - 3/10*q**5 - 1/6*q**3 + 0*q. What is the remainder when i(17) is divided by 34?
33
Suppose -10160*q - 1080 = -10170*q. Calculate the remainder when q is divided by 49.
10
Let k(n) = -10*n + 903 - 521 - 453. What is the remainder when k(-29) is divided by 17?
15
Suppose -81 - 124 = -5*o + 5*l, -5*l - 17 = -o. What is the remainder when 238 is divided by o?
3
Suppose -99*v = -127*v + 23044. Calculate the remainder when v is divided by 56.
39
Suppose 5*f - 33 = -2*l + 32, 0 = 5*f + 4*l - 55. Suppose -7*z + f*z = 24. Suppose -z*y + 237 + 42 = 0. Calculate the remainder when y is divided by 24.
21
Calculate the remainder when -9 - 31/(-7) - 6/14 - -625 is divided by 166.
122
Suppose 0 = -62*u + 65*u - 486. Let d(n) = n + 2. Calculate the remainder when ((-2)/6)/((-1)/(u/3)) is divided by d(5).
4
Let i(q) = -q**2 + 16*q - 70. Let d be i(6). Let n(k) = -32*k - 21. Calculate the remainder when n(d) is divided by 20.
19
Suppose -32 = -2*r + 5*p, -3*r = -5*p + 9 - 57. Let y be (-18)/63*(-12 + -2). Calculate the remainder when 74 - (y - 3) - -3 is divided by r.
12
Let d(l) = -l**3 + l**2 + 2*l. Let i be d(2). Suppose 3*t - 21 - 24 = i. What is the remainder when (-78)/(-104) - (-1903)/44 is divided by t?
14
Let u be ((-24)/(-32)*1)/(2/8). Suppose -u*h - 165 = -3*q, 2*h = -3*q + 174 + 11. Calculate the remainder when 351 is divided by q.
56
Let b(w) = 2*w**2 - 20*w - 75. Let q(u) = -3*u**2 + 28*u + 113. Let j(i) = -7*b(i) - 5*q(i). What is the remainder when 177 is divided by j(-7)?
6
Let y be (-418)/(-10) + 1 + 40/(-50). Suppose 4*r + 5*t - 59 = -3, -4*t - y = -3*r. What is the remainder when ((-4)/(-6))/(2/249) is divided by r?
13
Let n(z) = -7*z**3 - 4*z**2 - 4*z - 14. What is the remainder when n(-4) is divided by 66?
56
Let u(a) = -a**3 + 54*a**2 - 39*a - 732. Calculate the remainder when 657 is divided by u(53).
7
Let a = -6198 + 6277. What is the remainder when 850 is divided by a?
60
Let d = -1 - -3. Suppose -g = -d*g + 82. Suppose -2*w - 4*p + 30 = 0, -48 = -4*w + 5*p + 51. What is the remainder when g is divided by w?
19
Suppose 0 = -16*z - 5 - 315. Suppose -3*y - 5*w + 20 = -84, -3*w - 230 = -5*y. Let g = y + z. Calculate the remainder when 91 is divided by g.
22
Let a = -96 - -98. Let n(k) = k**3 + k**2 + 3*k - 6. Suppose 59 = h + 6*x - 4*x, 5*h + 3*x = 330. Calculate the remainder when h is divided by n(a).
9
Let r = 3 - 8. Calculate the remainder when (-6960)/174*6/(-5) is divided by (-36)/r + (-4)/20.
6
Let t(y) = 93*y**2 - 68*y - 23. What is the remainder when t(-2) is divided by 56?
37
Let l(a) = -7*a. Let z be l(-1). Suppose 0 = -4*h + 3*h + z. Let p(g) = -g**2 - 102*g + 339. Calculate the remainder when p(-105) is divided by h.
3
Let g(z) be the second derivative of -z**4/12 - z**3/2 - 27*z**2/2 + 19*z. Let f be g(-14). Let s = 294 + f. Calculate the remainder when s is divided by 29.
26
Suppose -28 = -4*f + 5*j + 128, -5*j = -3*f + 122. What is the remainder when 2104 is divided by f?
30
Suppose -4*i = -2*o - 158, -3*i + 2*o + 9 = -112. Suppose -i*r + 48*r = 187. What is the remainder when 68 is divided by r?
0
Let j(c) = -c**3 + 8*c**2 + 23*c - 116. Let p be j(9). Let a = 27 - p. Calculate the remainder when 76 is divided by a.
8
Suppose -h + 28 = 4*c, h + 3*c - 24 = -0*h. Let w = 15 + -11. What is the remainder when h is divided by w?
0
Suppose -129*k + 1067 = -124*k + s, -2*k = 3*s - 432. What is the remainder when 1059 is divided by k?
207
Let n = 133 - 131. Suppose j = n*m + 359 - 73, -j = -3*m - 288. What is the remainder when j is divided by 72?
66
Calculate the remainder when ((-1251736)/30)/(-4) + ((-2412)/(-135) - 18) is divided by 141.
138
Let f be -4 + 78/9*24/(-4). Calculate the remainder when f/(-14) - ((-1)/(-1) - 162) is divided by 12.
9
Suppose -234*j + 9*q = -229*j - 15465, -4*j + 12372 = q. Calculate the remainder when j is divided by 341.
24
Let j = -19374 - -21456. What is the remainder when j is divided by 149?
145
Let c = 42242 + -40271. What is the remainder when c is divided by 644?
39
Suppose 5*x = 2*x + 33. Suppose -3*n = 3*w - 9, -2*w - 33 = -5*w + 5*n. Let o(y) = -8*y + 83. Calculate the remainder when o(w) is divided by x.
2
Suppose -5*r + c = -23, -1303*r - 45 = -1307*r - 3*c. Calculate the remainder when 2003 is divided by r.
5
Let m(a) = -2*a**3 - 213*a**2 + 104*a - 132. Calculate the remainder when 946 is divided by m(-107).
1
Let d = -42938 - -43754. Let b(n) = 4*n + 3. What is the remainder when d is divided by b(10)?
42
Suppose -17 = -2*x - 9. Suppose -6 = x*i - 134. What is the remainder when 58 is divided by i?
26
Let r be 84/32 - ((-9)/8)/3. Let n be 216/52 - (-2 - (-28)/13). Suppose r*o = -n + 19. What is the remainder when 13 is divided by o?
3
Let p(k) = -k**2 - 10*k - 18. Let r be p(-7). Suppose -l + 6*l - r*n - 39 = 0, l = -5*n + 19. Calculate the remainder when 95 is divided by l.
5
Suppose -202*a + 201*a + 20 = -5*d, -5*d - 55 = -2*a. What is the remainder when 439 is divided by a?
19
Let m = -1291 + 1340. Let g(p) = p - 7. Let c be g(5). What is the remainder when m is divided by 1*(c + (-30)/(-2))?
10
Suppose 0 = 108*f - 113*f + 620. Let c = -58 + 83. What is the remainder when f is divided by c?
24
Let y be (2 + -4)/(3*(-2)/12). Suppose 2*h + y*w = -12 - 28, 0 = 2*w + 6. Calculate the remainder when 49 is divided by (h/3 + 3)*-6.
9
Let q = 63 + -59. Suppose 5*r - 9 = 2*k, 8 = r + q*k - 7. Suppose -r*s - 145 = -8*s. Calculate the remainder when s is divided by 15.
14
What is the remainder when 1006 is divided by (-7)/(-2)*(6 + -2 - (6 - 4))?
5
Let b be 3/(-9) + 8320/12. Suppose 5*l + 2*l = b. What is the remainder when l is divided by 50?
49
Let i(p) 